{"id":5,"date":"2015-08-13T04:05:44","date_gmt":"2015-08-13T04:05:44","guid":{"rendered":"http:\/\/totaltheme.wpengine.com\/modern-agency\/?page_id=5"},"modified":"2022-03-31T16:11:50","modified_gmt":"2022-03-31T13:11:50","slug":"home","status":"publish","type":"page","link":"https:\/\/www.mateos.lv\/wordpress\/","title":{"rendered":"Home"},"content":{"rendered":"[vc_row full_width=&#187;stretch_row&#187; full_height=&#187;yes&#187; bg_style=&#187;stretch&#187; css=&#187;.vc_custom_1648728808803{padding-top: 160px !important;padding-bottom: 160px !important;background-image: url(http:\/\/www.mateos.lv\/wordpress\/wp-content\/uploads\/2022\/03\/Home_balov.jpg?id=211) !important;background-position: center !important;background-repeat: no-repeat !important;background-size: cover !important;}&#187;][vc_column]<div class=\"vcex-spacing\" style=\"height:60px\"><\/div>[\/vc_column][\/vc_row][vc_row max_width=&#187;70&#8243; css=&#187;.vc_custom_1489793627657{padding-top: 60px !important;padding-bottom: 20px !important;}&#187;][vc_column padding_bottom=&#187;0px&#187; margin_bottom=&#187;0px&#187;]<h2 class=\"vcex-module vcex-heading vcex-heading-plain\" style=\"font-size:32px;text-align:center;\"><span class=\"vcex-heading-inner clr\">MATEOS - tavs draugs b\u016bvniec\u012bbas pasaul\u0113<\/span><\/h2><div class=\"vcex-spacing\" style=\"height:30px\"><\/div>[vc_column_text]\n<p style=\"text-align: center;\"><span class=\"VIiyi\" lang=\"lv\"><span class=\"JLqJ4b ChMk0b\" data-language-for-alternatives=\"lv\" data-language-to-translate-into=\"ru\" data-phrase-index=\"0\">M\u016bsu kol\u0113\u0123i var\u0113s komplekt\u0113t da\u017e\u0101du ra\u017eot\u0101ju materi\u0101lus, pat ja mums to nav pie mums vai Latvij\u0101.<\/span><\/span><\/p>\n[\/vc_column_text][\/vc_column][\/vc_row][vc_row][vc_column]<div class=\"vcex-image-grid-wrap clr\"><div class=\"vcex-module vcex-image-grid wpex-row wpex-clr grid-style-default wpex-lightbox-group\"><div class=\"id-121 vcex-image-grid-entry vcex-grid-item span_1_of_6 col  wpb_animate_when_almost_visible wpb_fadeIn fadeIn col-1\"><figure class=\"vcex-image-grid-entry-figure wpex-clr\"><div class=\"vcex-image-grid-entry-img wpex-clr wpex-image-hover grow\"><a href=\"https:\/\/www.mateos.lv\/wordpress\/wp-content\/uploads\/2021\/06\/786f327ba4.png\" class=\"vcex-image-grid-entry-img wpex-lightbox-group-item\" data-title=\"\"><img src=\"https:\/\/www.mateos.lv\/wordpress\/wp-content\/uploads\/2021\/06\/786f327ba4.png\" alt='' data-no-retina width=\"130\" height=\"130\" \/><\/a><\/div><\/figure><\/div><div class=\"id-122 vcex-image-grid-entry vcex-grid-item span_1_of_6 col  wpb_animate_when_almost_visible wpb_fadeIn fadeIn col-2\"><figure class=\"vcex-image-grid-entry-figure wpex-clr\"><div class=\"vcex-image-grid-entry-img wpex-clr wpex-image-hover grow\"><a href=\"https:\/\/www.mateos.lv\/wordpress\/wp-content\/uploads\/2021\/06\/975710ec7b.png\" class=\"vcex-image-grid-entry-img wpex-lightbox-group-item\" data-title=\"\"><img src=\"https:\/\/www.mateos.lv\/wordpress\/wp-content\/uploads\/2021\/06\/975710ec7b.png\" alt='' data-no-retina width=\"130\" height=\"130\" \/><\/a><\/div><\/figure><\/div><div class=\"id-123 vcex-image-grid-entry vcex-grid-item span_1_of_6 col  wpb_animate_when_almost_visible wpb_fadeIn fadeIn col-3\"><figure class=\"vcex-image-grid-entry-figure wpex-clr\"><div class=\"vcex-image-grid-entry-img wpex-clr wpex-image-hover grow\"><a href=\"https:\/\/www.mateos.lv\/wordpress\/wp-content\/uploads\/2021\/06\/3942990fae.png\" class=\"vcex-image-grid-entry-img wpex-lightbox-group-item\" data-title=\"\"><img src=\"https:\/\/www.mateos.lv\/wordpress\/wp-content\/uploads\/2021\/06\/3942990fae.png\" alt='' data-no-retina width=\"130\" height=\"130\" \/><\/a><\/div><\/figure><\/div><div class=\"id-124 vcex-image-grid-entry vcex-grid-item span_1_of_6 col  wpb_animate_when_almost_visible wpb_fadeIn fadeIn col-4\"><figure class=\"vcex-image-grid-entry-figure wpex-clr\"><div class=\"vcex-image-grid-entry-img wpex-clr wpex-image-hover grow\"><a href=\"https:\/\/www.mateos.lv\/wordpress\/wp-content\/uploads\/2021\/06\/b99eb947ad.png\" class=\"vcex-image-grid-entry-img wpex-lightbox-group-item\" data-title=\"\"><img src=\"https:\/\/www.mateos.lv\/wordpress\/wp-content\/uploads\/2021\/06\/b99eb947ad.png\" alt='' data-no-retina width=\"130\" height=\"130\" \/><\/a><\/div><\/figure><\/div><div class=\"id-125 vcex-image-grid-entry vcex-grid-item span_1_of_6 col  wpb_animate_when_almost_visible wpb_fadeIn fadeIn col-5\"><figure class=\"vcex-image-grid-entry-figure wpex-clr\"><div class=\"vcex-image-grid-entry-img wpex-clr wpex-image-hover grow\"><a href=\"https:\/\/www.mateos.lv\/wordpress\/wp-content\/uploads\/2021\/06\/b2015eafc4.png\" class=\"vcex-image-grid-entry-img wpex-lightbox-group-item\" data-title=\"\"><img src=\"https:\/\/www.mateos.lv\/wordpress\/wp-content\/uploads\/2021\/06\/b2015eafc4.png\" alt='' data-no-retina width=\"130\" height=\"130\" \/><\/a><\/div><\/figure><\/div><div class=\"id-126 vcex-image-grid-entry vcex-grid-item span_1_of_6 col  wpb_animate_when_almost_visible wpb_fadeIn fadeIn col-6\"><figure class=\"vcex-image-grid-entry-figure wpex-clr\"><div class=\"vcex-image-grid-entry-img wpex-clr wpex-image-hover grow\"><a href=\"https:\/\/www.mateos.lv\/wordpress\/wp-content\/uploads\/2021\/06\/bd6ac3bd2f.png\" class=\"vcex-image-grid-entry-img wpex-lightbox-group-item\" data-title=\"\"><img src=\"https:\/\/www.mateos.lv\/wordpress\/wp-content\/uploads\/2021\/06\/bd6ac3bd2f.png\" alt='' data-no-retina width=\"130\" height=\"130\" \/><\/a><\/div><\/figure><\/div><div class=\"id-127 vcex-image-grid-entry vcex-grid-item span_1_of_6 col  wpb_animate_when_almost_visible wpb_fadeIn fadeIn col-1\"><figure class=\"vcex-image-grid-entry-figure wpex-clr\"><div class=\"vcex-image-grid-entry-img wpex-clr wpex-image-hover grow\"><a href=\"https:\/\/www.mateos.lv\/wordpress\/wp-content\/uploads\/2021\/06\/c68e9e032b.png\" class=\"vcex-image-grid-entry-img wpex-lightbox-group-item\" data-title=\"\"><img src=\"https:\/\/www.mateos.lv\/wordpress\/wp-content\/uploads\/2021\/06\/c68e9e032b.png\" alt='' data-no-retina width=\"130\" height=\"130\" \/><\/a><\/div><\/figure><\/div><div class=\"id-128 vcex-image-grid-entry vcex-grid-item span_1_of_6 col  wpb_animate_when_almost_visible wpb_fadeIn fadeIn col-2\"><figure class=\"vcex-image-grid-entry-figure wpex-clr\"><div class=\"vcex-image-grid-entry-img wpex-clr wpex-image-hover grow\"><a href=\"https:\/\/www.mateos.lv\/wordpress\/wp-content\/uploads\/2021\/06\/cacc3435de.png\" class=\"vcex-image-grid-entry-img wpex-lightbox-group-item\" data-title=\"\"><img src=\"https:\/\/www.mateos.lv\/wordpress\/wp-content\/uploads\/2021\/06\/cacc3435de.png\" alt='' data-no-retina width=\"130\" height=\"130\" \/><\/a><\/div><\/figure><\/div><div class=\"id-129 vcex-image-grid-entry vcex-grid-item span_1_of_6 col  wpb_animate_when_almost_visible wpb_fadeIn fadeIn col-3\"><figure class=\"vcex-image-grid-entry-figure wpex-clr\"><div class=\"vcex-image-grid-entry-img wpex-clr wpex-image-hover grow\"><a href=\"https:\/\/www.mateos.lv\/wordpress\/wp-content\/uploads\/2021\/06\/e3b47599cc.png\" class=\"vcex-image-grid-entry-img wpex-lightbox-group-item\" data-title=\"\"><img src=\"https:\/\/www.mateos.lv\/wordpress\/wp-content\/uploads\/2021\/06\/e3b47599cc.png\" alt='' data-no-retina width=\"130\" height=\"130\" \/><\/a><\/div><\/figure><\/div><div class=\"id-130 vcex-image-grid-entry vcex-grid-item span_1_of_6 col  wpb_animate_when_almost_visible wpb_fadeIn fadeIn col-4\"><figure class=\"vcex-image-grid-entry-figure wpex-clr\"><div class=\"vcex-image-grid-entry-img wpex-clr wpex-image-hover grow\"><a href=\"https:\/\/www.mateos.lv\/wordpress\/wp-content\/uploads\/2021\/06\/f44c3654cb.png\" class=\"vcex-image-grid-entry-img wpex-lightbox-group-item\" data-title=\"\"><img src=\"https:\/\/www.mateos.lv\/wordpress\/wp-content\/uploads\/2021\/06\/f44c3654cb.png\" alt='' data-no-retina width=\"130\" height=\"130\" \/><\/a><\/div><\/figure><\/div><div class=\"id-131 vcex-image-grid-entry vcex-grid-item span_1_of_6 col  wpb_animate_when_almost_visible wpb_fadeIn fadeIn col-5\"><figure class=\"vcex-image-grid-entry-figure wpex-clr\"><div class=\"vcex-image-grid-entry-img wpex-clr wpex-image-hover grow\"><a href=\"https:\/\/www.mateos.lv\/wordpress\/wp-content\/uploads\/2021\/06\/5c995bcdc3.png\" class=\"vcex-image-grid-entry-img wpex-lightbox-group-item\" data-title=\"\"><img src=\"https:\/\/www.mateos.lv\/wordpress\/wp-content\/uploads\/2021\/06\/5c995bcdc3.png\" alt='' data-no-retina width=\"130\" height=\"130\" \/><\/a><\/div><\/figure><\/div><div class=\"id-132 vcex-image-grid-entry vcex-grid-item span_1_of_6 col  wpb_animate_when_almost_visible wpb_fadeIn fadeIn col-6\"><figure class=\"vcex-image-grid-entry-figure wpex-clr\"><div class=\"vcex-image-grid-entry-img wpex-clr wpex-image-hover grow\"><a href=\"https:\/\/www.mateos.lv\/wordpress\/wp-content\/uploads\/2021\/06\/7e35503728-1.png\" class=\"vcex-image-grid-entry-img wpex-lightbox-group-item\" data-title=\"\"><img src=\"https:\/\/www.mateos.lv\/wordpress\/wp-content\/uploads\/2021\/06\/7e35503728-1.png\" alt='' data-no-retina width=\"130\" height=\"130\" \/><\/a><\/div><\/figure><\/div><div class=\"id-133 vcex-image-grid-entry vcex-grid-item span_1_of_6 col  wpb_animate_when_almost_visible wpb_fadeIn fadeIn col-1\"><figure class=\"vcex-image-grid-entry-figure wpex-clr\"><div class=\"vcex-image-grid-entry-img wpex-clr wpex-image-hover grow\"><a href=\"https:\/\/www.mateos.lv\/wordpress\/wp-content\/uploads\/2021\/06\/11fd9ef2d2.png\" class=\"vcex-image-grid-entry-img wpex-lightbox-group-item\" data-title=\"\"><img src=\"https:\/\/www.mateos.lv\/wordpress\/wp-content\/uploads\/2021\/06\/11fd9ef2d2.png\" alt='' data-no-retina width=\"130\" height=\"130\" \/><\/a><\/div><\/figure><\/div><div class=\"id-134 vcex-image-grid-entry vcex-grid-item span_1_of_6 col  wpb_animate_when_almost_visible wpb_fadeIn fadeIn col-2\"><figure class=\"vcex-image-grid-entry-figure wpex-clr\"><div class=\"vcex-image-grid-entry-img wpex-clr wpex-image-hover grow\"><a href=\"https:\/\/www.mateos.lv\/wordpress\/wp-content\/uploads\/2021\/06\/50bec46429.png\" class=\"vcex-image-grid-entry-img wpex-lightbox-group-item\" data-title=\"\"><img src=\"https:\/\/www.mateos.lv\/wordpress\/wp-content\/uploads\/2021\/06\/50bec46429.png\" alt='' data-no-retina width=\"130\" height=\"130\" \/><\/a><\/div><\/figure><\/div><div class=\"id-135 vcex-image-grid-entry vcex-grid-item span_1_of_6 col  wpb_animate_when_almost_visible wpb_fadeIn fadeIn col-3\"><figure class=\"vcex-image-grid-entry-figure wpex-clr\"><div class=\"vcex-image-grid-entry-img wpex-clr wpex-image-hover grow\"><a href=\"https:\/\/www.mateos.lv\/wordpress\/wp-content\/uploads\/2021\/06\/347e8ebc87.png\" class=\"vcex-image-grid-entry-img wpex-lightbox-group-item\" data-title=\"\"><img src=\"https:\/\/www.mateos.lv\/wordpress\/wp-content\/uploads\/2021\/06\/347e8ebc87.png\" alt='' data-no-retina width=\"130\" height=\"130\" \/><\/a><\/div><\/figure><\/div><div class=\"id-136 vcex-image-grid-entry vcex-grid-item span_1_of_6 col  wpb_animate_when_almost_visible wpb_fadeIn fadeIn col-4\"><figure class=\"vcex-image-grid-entry-figure wpex-clr\"><div class=\"vcex-image-grid-entry-img wpex-clr wpex-image-hover grow\"><a href=\"https:\/\/www.mateos.lv\/wordpress\/wp-content\/uploads\/2021\/06\/389fdaf1b7.png\" class=\"vcex-image-grid-entry-img wpex-lightbox-group-item\" data-title=\"\"><img src=\"https:\/\/www.mateos.lv\/wordpress\/wp-content\/uploads\/2021\/06\/389fdaf1b7.png\" alt='' data-no-retina width=\"130\" height=\"130\" \/><\/a><\/div><\/figure><\/div><div class=\"id-139 vcex-image-grid-entry vcex-grid-item span_1_of_6 col  wpb_animate_when_almost_visible wpb_fadeIn fadeIn col-5\"><figure class=\"vcex-image-grid-entry-figure wpex-clr\"><div class=\"vcex-image-grid-entry-img wpex-clr wpex-image-hover grow\"><a href=\"https:\/\/www.mateos.lv\/wordpress\/wp-content\/uploads\/2021\/06\/3f2692684b.png\" class=\"vcex-image-grid-entry-img wpex-lightbox-group-item\" data-title=\"\"><img src=\"https:\/\/www.mateos.lv\/wordpress\/wp-content\/uploads\/2021\/06\/3f2692684b.png\" alt='' data-no-retina width=\"130\" height=\"130\" \/><\/a><\/div><\/figure><\/div><\/div><\/div>[\/vc_column][\/vc_row][vc_row css=&#187;.vc_custom_1489793614331{border-top-width: 0px !important;border-right-width: 0px !important;border-bottom-width: 1px !important;border-left-width: 0px !important;padding-top: 60px !important;border-left-color: #eeeeee !important;border-left-style: solid !important;border-right-color: #eeeeee !important;border-right-style: solid !important;border-top-color: #eeeeee !important;border-top-style: solid !important;border-bottom-color: #eeeeee !important;border-bottom-style: solid !important;}&#187;][vc_column width=&#187;1\/2&#8243; margin_bottom=&#187;0px&#187; padding_bottom=&#187;30px&#187;]<h2 class=\"vcex-module vcex-heading vcex-heading-plain\" style=\"font-size:32px;\"><span class=\"vcex-heading-inner clr\">Par cen\u0101m vienm\u0113r vienosimies<\/span><\/h2><div class=\"vcex-spacing\" style=\"height:30px\"><\/div>[vc_column_text css=&#187;.vc_custom_1627995520600{margin-bottom: 5px !important;}&#187;]        <div class=\"rplg\" style=\"\" data-id=\"142\"><div class=\"rplg-list\"><div class=\"rplg-businesses\"><div class=\"rplg-list-header\"><div class=\"rplg-row rplg-row-start\"><div class=\"rplg-row-left\"><img src=\"data:image\/gif;base64,R0lGODlhAQABAIAAAAAAAP\/\/\/yH5BAEAAAAALAAAAAABAAEAAAIBRAA7\" data-src=\"https:\/\/maps.gstatic.com\/mapfiles\/place_api\/icons\/v1\/png_71\/shopping-71.png\" class=\"rplg-review-avatar rplg-blazy\" alt=\"Mateos, SIA\" width=\"56\" height=\"56\" title=\"Mateos, SIA\" onerror=\"if(this.src!='data:image\/gif;base64,R0lGODlhAQABAIAAAAAAAP\/\/\/yH5BAEAAAAALAAAAAABAAEAAAIBRAA7')this.src='data:image\/gif;base64,R0lGODlhAQABAIAAAAAAAP\/\/\/yH5BAEAAAAALAAAAAABAAEAAAIBRAA7';\" ><span class=\"rplg-review-badge\" data-provider=\"google\"><\/span><\/div><div class=\"rplg-row-right\"><div class=\"rplg-biz-name rplg-trim\"><a href=\"https:\/\/maps.google.com\/?cid=18100120629323804081\" class=\"\" target=\"_blank\" rel=\"noopener\" rel=\"nofollow\"  >Mateos, SIA<\/a><\/div><div ><div class=\"rplg-biz-rating rplg-trim rplg-biz-google\"><div class=\"rplg-biz-score\" >4.4<\/div><div class=\"rplg-stars\" data-info=\"4.4,google,#0caa41\"><\/div><\/div><div class=\"rplg-biz-based rplg-trim\"><span class=\"rplg-biz-based-text\">\u041d\u0430 \u043e\u0441\u043d\u043e\u0432\u0435 \u043e\u0442\u0437\u044b\u0432\u043e\u0432: 38<\/span><\/div><\/div><div class=\"rplg-links\"><a href=\"https:\/\/search.google.com\/local\/reviews?placeid=ChIJmV8srP7N7kYRsa2QVtCLMPs\" target=\"_blank\" rel=\"noopener\" onclick=\"return true;\">\u0412\u0441\u0435 \u043e\u0442\u0437\u044b\u0432\u044b<\/a><a href=\"javascript:void(0)\" onclick=\"_rplg_popup('https:\/\/search.google.com\/local\/writereview?placeid=ChIJmV8srP7N7kYRsa2QVtCLMPs', 800, 600)\">\u041d\u0430\u043f\u0438\u0441\u0430\u0442\u044c \u043e\u0442\u0437\u044b\u0432<\/a><\/div><\/div><\/div><\/div><\/div><div class=\"rplg-hr2\"><\/div><div class=\"rplg-reviews\"><div class=\"rplg-list-review\"><div class=\"rplg-row rplg-row-start\"><div class=\"rplg-row-left\"><img src=\"https:\/\/www.mateos.lv\/wordpress\/wp-content\/plugins\/business-reviews-bundle\/assets\/img\/google_avatar.png\" data-src=\"https:\/\/lh3.googleusercontent.com\/a\/AATXAJyCPCtJz2A3kkUHFP5PE1w-WSxJf0tGuKTkbLo=s56-c0x00000000-cc-rp-mo-ba4\" class=\"rplg-review-avatar rplg-blazy\" alt=\"alu alu\" width=\"56\" height=\"56\" title=\"alu alu\" onerror=\"if(this.src!='https:\/\/www.mateos.lv\/wordpress\/wp-content\/plugins\/business-reviews-bundle\/assets\/img\/google_avatar.png')this.src='https:\/\/www.mateos.lv\/wordpress\/wp-content\/plugins\/business-reviews-bundle\/assets\/img\/google_avatar.png';\" ><span class=\"rplg-review-badge\" data-provider=\"google\"><\/span><\/div><div class=\"rplg-row-right\"><div class=\"rplg-stars\" data-info=\"5,google,#777\"><\/div><span class=\"rplg-review-text\">A small shop for household and building materials, there are also distributors of various lifts and hoists, distributors of Bulgarian cosmetics Biofresh and some offices I do not know yet.<\/span><\/div><\/div><\/div><div class=\"rplg-list-review\"><div class=\"rplg-row rplg-row-start\"><div class=\"rplg-row-left\"><img src=\"https:\/\/www.mateos.lv\/wordpress\/wp-content\/plugins\/business-reviews-bundle\/assets\/img\/google_avatar.png\" data-src=\"https:\/\/lh3.googleusercontent.com\/a\/AATXAJyq-cSrskO0HgfZHFB6TsokMQgvNILxLKju4bRl=s56-c0x00000000-cc-rp-mo-ba3\" class=\"rplg-review-avatar rplg-blazy\" alt=\"Valentin Cheremisin\" width=\"56\" height=\"56\" title=\"Valentin Cheremisin\" onerror=\"if(this.src!='https:\/\/www.mateos.lv\/wordpress\/wp-content\/plugins\/business-reviews-bundle\/assets\/img\/google_avatar.png')this.src='https:\/\/www.mateos.lv\/wordpress\/wp-content\/plugins\/business-reviews-bundle\/assets\/img\/google_avatar.png';\" ><span class=\"rplg-review-badge\" data-provider=\"google\"><\/span><\/div><div class=\"rplg-row-right\"><div class=\"rplg-stars\" data-info=\"5,google,#777\"><\/div><span class=\"rplg-review-text\">Good building material base<\/span><\/div><\/div><\/div><div class=\"rplg-list-review\"><div class=\"rplg-row rplg-row-start\"><div class=\"rplg-row-left\"><img src=\"https:\/\/www.mateos.lv\/wordpress\/wp-content\/plugins\/business-reviews-bundle\/assets\/img\/google_avatar.png\" data-src=\"https:\/\/lh3.googleusercontent.com\/a-\/AOh14GiR1j7UFKBffcIPp_NvrlnE93ON4peAF3sQXbymbw=s56-c0x00000000-cc-rp-mo\" class=\"rplg-review-avatar rplg-blazy\" alt=\"Zorde Zorde\" width=\"56\" height=\"56\" title=\"Zorde Zorde\" onerror=\"if(this.src!='https:\/\/www.mateos.lv\/wordpress\/wp-content\/plugins\/business-reviews-bundle\/assets\/img\/google_avatar.png')this.src='https:\/\/www.mateos.lv\/wordpress\/wp-content\/plugins\/business-reviews-bundle\/assets\/img\/google_avatar.png';\" ><span class=\"rplg-review-badge\" data-provider=\"google\"><\/span><\/div><div class=\"rplg-row-right\"><div class=\"rplg-stars\" data-info=\"5,google,#777\"><\/div><span class=\"rplg-review-text\">The best store, add a little products, diversify, and OH.<\/span><\/div><\/div><\/div><div class=\"rplg-list-review\"><div class=\"rplg-row rplg-row-start\"><div class=\"rplg-row-left\"><img src=\"https:\/\/www.mateos.lv\/wordpress\/wp-content\/plugins\/business-reviews-bundle\/assets\/img\/google_avatar.png\" data-src=\"https:\/\/lh3.googleusercontent.com\/a-\/AOh14GiRuaC3XcRzwU89k6l1NK85tGhDziVokJGPpmndzmk=s56-c0x00000000-cc-rp-mo-ba2\" class=\"rplg-review-avatar rplg-blazy\" alt=\"Nik Hom\" width=\"56\" height=\"56\" title=\"Nik Hom\" onerror=\"if(this.src!='https:\/\/www.mateos.lv\/wordpress\/wp-content\/plugins\/business-reviews-bundle\/assets\/img\/google_avatar.png')this.src='https:\/\/www.mateos.lv\/wordpress\/wp-content\/plugins\/business-reviews-bundle\/assets\/img\/google_avatar.png';\" ><span class=\"rplg-review-badge\" data-provider=\"google\"><\/span><\/div><div class=\"rplg-row-right\"><div class=\"rplg-stars\" data-info=\"4,google,#777\"><\/div><span class=\"rplg-review-text\">Good value propositions. Responsive workers, however, lack territorial structure \/ order. (But this is not a question for tenants)<\/span><\/div><\/div><\/div><div class=\"rplg-list-review\"><div class=\"rplg-row rplg-row-start\"><div class=\"rplg-row-left\"><img src=\"https:\/\/www.mateos.lv\/wordpress\/wp-content\/plugins\/business-reviews-bundle\/assets\/img\/google_avatar.png\" data-src=\"https:\/\/lh3.googleusercontent.com\/a\/AATXAJwhorcDwU-gAz9ckG1PSqhqSjDkUVEEM0gN2Sd-=s56-c0x00000000-cc-rp-mo\" class=\"rplg-review-avatar rplg-blazy\" alt=\"Alens Sorokins\" width=\"56\" height=\"56\" title=\"Alens Sorokins\" onerror=\"if(this.src!='https:\/\/www.mateos.lv\/wordpress\/wp-content\/plugins\/business-reviews-bundle\/assets\/img\/google_avatar.png')this.src='https:\/\/www.mateos.lv\/wordpress\/wp-content\/plugins\/business-reviews-bundle\/assets\/img\/google_avatar.png';\" ><span class=\"rplg-review-badge\" data-provider=\"google\"><\/span><\/div><div class=\"rplg-row-right\"><div class=\"rplg-stars\" data-info=\"4,google,#777\"><\/div><span class=\"rplg-review-text\">Flexible prices<\/span><\/div><\/div><\/div><\/div><\/div><img src=\"data:image\/gif;base64,R0lGODlhAQABAIAAAAAAAP\/\/\/yH5BAEAAAAALAAAAAABAAEAAAIBRAA7\" alt=\"\" onload=\"(function(el, data) { var t = setInterval(function () { if (window.rplg_init_list_theme){ rplg_init_list_theme(el, data); clearInterval(t); } }, 200); })(this.parentNode);this.setAttribute('data-exec','true');\" data-exec=\"false\" style=\"display:none\"><\/div>        [\/vc_column_text]<div class=\"vcex-spacing\" style=\"height:30px\"><\/div>[\/vc_column][vc_column width=&#187;1\/2&#8243; css=&#187;.vc_custom_1627993275079{margin-bottom: 0px !important;}&#187;][vc_single_image image=&#187;15&#8243; img_size=&#187;455&#215;520&#8243; alignment=&#187;right&#187;][\/vc_column][\/vc_row][vc_row][vc_column][vc_gmaps link=&#187;#E-8_JTNDaWZyYW1lJTIwc3JjJTNEJTIyaHR0cHMlM0ElMkYlMkZ3d3cuZ29vZ2xlLmNvbSUyRm1hcHMlMkZlbWJlZCUzRnBiJTNEJTIxMW0xOCUyMTFtMTIlMjExbTMlMjExZDIxNzcuMDc3NzczMjY1MjQ3NyUyMTJkMjQuMTkxNzAyMzgzMzI4NDglMjEzZDU2LjkzMDMzMzk3MjkwMjYzJTIxMm0zJTIxMWYwJTIxMmYwJTIxM2YwJTIxM20yJTIxMWkxMDI0JTIxMmk3NjglMjE0ZjEzLjElMjEzbTMlMjExbTIlMjExczB4NDZlZWNkZmVhYzJjNWY5OSUyNTNBMHhmYjMwOGJkMDU2OTBhZGIxJTIxMnNNYXRlb3MlMjUyQyUyNTIwU0lBJTIxNWUwJTIxM20yJTIxMXNydSUyMTJzbHYlMjE0djE2MjI4MDk2NTkxNzglMjE1bTIlMjExc3J1JTIxMnNsdiUyMiUyMHdpZHRoJTNEJTIyNjAwJTIyJTIwaGVpZ2h0JTNEJTIyNDUwJTIyJTIwc3R5bGUlM0QlMjJib3JkZXIlM0EwJTNCJTIyJTIwYWxsb3dmdWxsc2NyZWVuJTNEJTIyJTIyJTIwbG9hZGluZyUzRCUyMmxhenklMjIlM0UlM0MlMkZpZnJhbWUlM0U=&#187;][\/vc_column][\/vc_row]\n","protected":false},"excerpt":{"rendered":"<p>[vc_row full_width=&#187;stretch_row&#187; full_height=&#187;yes&#187; bg_style=&#187;stretch&#187; css=&#187;.vc_custom_1648728808803{padding-top: 160px !important;padding-bottom: 160px !important;background-image: url(http:\/\/www.mateos.lv\/wordpress\/wp-content\/uploads\/2022\/03\/Home_balov.jpg?id=211) !important;background-position: center !important;background-repeat: no-repeat !important;background-size: cover !important;}&#187;][vc_column][\/vc_column][\/vc_row][vc_row max_width=&#187;70&#8243; css=&#187;.vc_custom_1489793627657{padding-top: 60px !important;padding-bottom: 20px !important;}&#187;][vc_column padding_bottom=&#187;0px&#187; margin_bottom=&#187;0px&#187;][vc_column_text] M\u016bsu kol\u0113\u0123i var\u0113s komplekt\u0113t da\u017e\u0101du ra\u017eot\u0101ju materi\u0101lus, pat ja mums to nav pie mums vai&hellip;<\/p>\n","protected":false},"author":1,"featured_media":0,"parent":0,"menu_order":0,"comment_status":"open","ping_status":"open","template":"","meta":[],"_links":{"self":[{"href":"https:\/\/www.mateos.lv\/wordpress\/index.php?rest_route=\/wp\/v2\/pages\/5"}],"collection":[{"href":"https:\/\/www.mateos.lv\/wordpress\/index.php?rest_route=\/wp\/v2\/pages"}],"about":[{"href":"https:\/\/www.mateos.lv\/wordpress\/index.php?rest_route=\/wp\/v2\/types\/page"}],"author":[{"embeddable":true,"href":"https:\/\/www.mateos.lv\/wordpress\/index.php?rest_route=\/wp\/v2\/users\/1"}],"replies":[{"embeddable":true,"href":"https:\/\/www.mateos.lv\/wordpress\/index.php?rest_route=%2Fwp%2Fv2%2Fcomments&post=5"}],"version-history":[{"count":24,"href":"https:\/\/www.mateos.lv\/wordpress\/index.php?rest_route=\/wp\/v2\/pages\/5\/revisions"}],"predecessor-version":[{"id":213,"href":"https:\/\/www.mateos.lv\/wordpress\/index.php?rest_route=\/wp\/v2\/pages\/5\/revisions\/213"}],"wp:attachment":[{"href":"https:\/\/www.mateos.lv\/wordpress\/index.php?rest_route=%2Fwp%2Fv2%2Fmedia&parent=5"}],"curies":[{"name":"wp","href":"https:\/\/api.w.org\/{rel}","templated":true}]}}